ed by j?
9
Let g(p) = -5*p - 2. Let v(y) = -y**3 + 13*y**2 + 18*y - 19. Calculate the remainder when v(14) is divided by g(-3).
11
Calculate the remainder when (-1)/(-1) - (-472)/(0 + 4) is divided by 24.
23
Let n = 4 + 4. Let t be 1/3 + 10/6. Suppose 3*o = -t*j + 20 + 47, -3*o + 71 = -2*j. Calculate the remainder when o is divided by n.
7
Let y(z) = z**3 + 22*z**2 - z - 7. Calculate the remainder when 28 is divided by y(-22).
13
Suppose 26 = 5*b + 3*i, -2*b + 4*i + 29 = -i. Suppose 52 = -5*x + b*x. What is the remainder when x is divided by 7?
5
Let m = 15 + -8. What is the remainder when m is divided by 5?
2
Suppose 448 = -4*u + 96. Let r = u - -126. What is the remainder when r is divided by 13?
12
Let j(l) = 26*l**2 + 2*l + 1. Let c(w) = -w + 5. Let b be c(6). What is the remainder when j(b) is divided by 13?
12
Let j = -7 + 13. Let h = 25 + -7. What is the remainder when j is divided by (-3)/12 - h/(-8)?
0
Let q(f) = 2*f**2 - f - 2. Let z be q(2). Suppose -13 = -p + z. Suppose 9 = 3*m - 9. Calculate the remainder when p is divided by m.
5
Let f = 31 + -20. Suppose -r + 2*x + 13 = 0, x + 20 = 6*x. What is the remainder when r is divided by f?
10
Let q(j) = -j**2 - 14*j - 5. Calculate the remainder when 23 is divided by q(-13).
7
Let s(n) = 9*n + 2. Let x be s(2). Calculate the remainder when 25 is divided by 26/5*x/8.
12
Let w(h) = 0*h**2 - 2 + 3*h**2 - 3*h + 0 + h**3. What is the remainder when 19 is divided by w(-3)?
5
Let j = 30 - 78. Let t = j - -85. Suppose -2*z - 4*z = -78. What is the remainder when t is divided by z?
11
Let x(y) = y**3 + 3*y**2 + 2*y - 1. Let i be x(-2). Let a = 12 - i. Calculate the remainder when a is divided by 5.
3
Suppose -4*o + 12 = -2*o. Suppose -o*r + 30 = -r. Suppose 0 = p + 1 - 12. Calculate the remainder when p is divided by r.
5
Suppose 7*i - 28 = 3*i. What is the remainder when 34 is divided by i?
6
Let j be (0 - -2)/(-2 - -1). Let y be 6*j/(-3) - 0. Let r = y + 21. Calculate the remainder when r is divided by 9.
7
Suppose -4*y = 2*m - 4*m - 66, 2*y - 24 = 4*m. What is the remainder when 67 is divided by y?
13
Let v(m) = -m - 4. Let y be v(-7). Let l = y + -7. What is the remainder when l*-2*(-29)/(-8) is divided by 10?
9
Let u(r) = 5*r**2 - 6*r - 7. Let s be u(6). Suppose 4*l - s = 59. Let t(a) = -a**3 + 4*a**2 + 2*a + 2. Calculate the remainder when l is divided by t(3).
15
Calculate the remainder when ((-7)/(175/340))/((-6)/75) is divided by 58.
54
Let t = -79 - -105. Calculate the remainder when 43 is divided by t.
17
Let u = 24 + -17. What is the remainder when u is divided by 3?
1
Let k = -51 - -36. Let x = k - -26. Suppose 0 = v - 9 + 3. Calculate the remainder when x is divided by v.
5
Let a = -24 - -29. Suppose -a*g + 210 = -0*g. Calculate the remainder when g is divided by 11.
9
Let c(g) = 6*g - 8. Let d(t) = -t**2 - 7*t - 2. Let r be d(-6). Let p(b) = 2*b**2 - 2*b. What is the remainder when c(13) is divided by p(r)?
22
Suppose -l = 2*l + 3*j - 81, 5*j = -3*l + 73. What is the remainder when 59 is divided by l?
28
Let l(p) = 5*p**2 - 5*p - 6. Let u be l(5). Suppose -z - z = -u. Calculate the remainder when z is divided by 16.
15
Suppose 3*j = c, -5*j - 5*c = -6*c - 2. Calculate the remainder when j is divided by 1.
0
Let w = 13 - 8. Let t(m) = -m**2 + m + 9. Calculate the remainder when t(0) is divided by w.
4
Let u(m) = -2*m + 8. Let o be u(6). Let d(b) = -b**2 + 9*b - 4. What is the remainder when (-696)/(-27) + o/(-18) is divided by d(6)?
12
Let t(u) = -u + 8. Let h be t(-7). Let q = h + -9. Calculate the remainder when 11 is divided by q.
5
Suppose 6*h - 129 = 3*h. What is the remainder when h is divided by 9?
7
Let m(i) = 6*i. Suppose -6*q + 5*p = -q - 285, 63 = q + 2*p. What is the remainder when q is divided by m(2)?
11
Let z(u) = 2*u**3 - 2*u**2 + 4*u - 2. Suppose 5*y + 17 = 77. What is the remainder when z(3) is divided by y?
10
Let k = 10 + -7. Suppose 2*z - 2*i = -0*i + 176, -z - k*i = -96. Calculate the remainder when z is divided by 23.
21
Let a(h) = 3*h**2 + 9*h - 16. Let l be (4/6)/(2/21). Let b = l - 2. What is the remainder when a(2) is divided by b?
4
Suppose -n - 112 = -5*q + 2*n, 20 = -5*n. Calculate the remainder when 98 is divided by q.
18
Let w = -155 - -367. Let s = w - 122. Calculate the remainder when s is divided by 31.
28
Suppose -3*f = 2*p - 65, -3*f - 35 = p - 3*p. Suppose 0 = 19*s - 7*s - 864. Calculate the remainder when s is divided by p.
22
Let b(y) = -y**3 + 6*y**2 + 10*y - 16. What is the remainder when 8 is divided by b(7)?
3
Let r(s) = 7*s**2 + 1. Let k be 2/4 - 86/(-4). Calculate the remainder when k/(-4)*2*-2 is divided by r(1).
6
Suppose 0 = 4*v + 2*j - 44, 3*v - 3*j = j + 33. Let u = -127 - -232. Suppose -u = 2*k - 7*k. Calculate the remainder when k is divided by v.
10
Suppose i - 5*g + 2 = -2, 4 = 3*i + g. Let s(m) = 2*m**2. What is the remainder when 6 is divided by s(i)?
0
Let t be (-2)/7 - (-390)/(-7). Let g = -39 - t. Calculate the remainder when g is divided by 2/((-4)/3)*-4.
5
Suppose -2*f + 0*h + 13 = -h, 0 = -f - 3*h + 10. Suppose 6*i + 83 = f*i. What is the remainder when i is divided by 28?
27
Suppose -5*f - 2*y + 90 = 0, f = 3*y + 2*y + 45. What is the remainder when 79 is divided by f?
19
Suppose 0 = 4*h + 4, 2*v + h = -2*h + 73. Let r = 21 + -1. Calculate the remainder when v is divided by r.
18
Let x be ((-3 - -3)/2)/(-2). Suppose x*h + 100 = 5*h. Suppose -5*u + 9 = -v, 5*u + 0 = -v + 31. Calculate the remainder when h is divided by v.
9
Let w = -4 + 7. Suppose w*r - 29 = 19. What is the remainder when 63 is divided by r?
15
Let y(x) = 2*x + 1. Let p be y(2). Suppose -3*m + p*m - 8 = 0. Let a(h) = h**3 + 5*h**2 + 4*h. What is the remainder when a(-3) is divided by m?
2
Let o = 73 - 60. Calculate the remainder when o is divided by 10.
3
Let w(k) = -k**3 - 9*k**2 + 12*k - 6. Let h be w(-10). Let j = -19 - h. Let f = -7 - -20. Calculate the remainder when f is divided by j.
6
Suppose 19 = 3*s + y, 13 = 2*s + s + 4*y. Let t(b) = -2*b + 5*b - 7*b. Calculate the remainder when s is divided by t(-1).
3
Let v = -1 + 1. What is the remainder when 1 + (-1 - -2) + v is divided by (3/1)/(0 + 3)?
0
Let b be (1 - -37)*142*-2. Let l be b/20 + (-2)/5. What is the remainder when 36 is divided by (-2)/7 + l/(-28)?
17
Let z = -40 + 109. Calculate the remainder when z is divided by 14.
13
Suppose -2*n + 42 = 2*p, 2*n + n = -2*p + 42. Suppose g - p = -5*w, -w - 5*g = -4*w + 35. What is the remainder when w is divided by 2?
1
Let l be 4/18 + (-632)/9. Let v = 105 + l. Calculate the remainder when 19 is divided by (v/28)/(1/8).
9
Suppose -49 = -2*k + 37. Calculate the remainder when k is divided by 15.
13
Let s = 48 - 45. Suppose 16 = 5*n + 1. What is the remainder when n is divided by s?
0
Let x(c) = c + 1. Let v be x(5). Let t(z) = -z**3 + 6*z**2 + z + 4. Calculate the remainder when (3 + 0)/((-6)/(-56)) is divided by t(v).
8
Let t be -3*((-14)/3)/2. Let d = t + -3. Let x(s) = 2*s**2 - 2*s - 2. Calculate the remainder when x(d) is divided by 12.
10
Suppose 6*q - 143 = -35. Let p = -1 - -8. Calculate the remainder when q is divided by p.
4
Let s(t) = 4*t - 1. Let x be 3/2*(3 - 1). Suppose 2*q - x*d = 4*q + 7, -2*d = -5*q + 11. What is the remainder when 4 is divided by s(q)?
1
Suppose -2*l = -k - 2*k - 91, 5*l - 5*k = 215. Calculate the remainder when l is divided by 10.
8
Let s(v) = 3*v - 1. What is the remainder when 51 is divided by s(4)?
7
Let c(s) = -s + 2. Let n be c(-4). Let f be ((-6)/(-2))/n*6. Suppose -4*z + f + 21 = 0. What is the remainder when 9 is divided by z?
3
Suppose 16 = 5*l + 4*u, 4*l + l + 4 = u. Let h(f) = -3*f - 1 + 2 + l*f. Calculate the remainder when 36 is divided by h(-6).
17
Let l = 46 + -31. Suppose -b - 5*j + 48 = -j, 2*j = b - 18. Calculate the remainder when b is divided by l.
13
Let q(r) be the first derivative of 2*r**3 + 2*r - 1. Calculate the remainder when q(2) is divided by 9.
8
Let r(j) = -8*j**2 + 2*j + 7*j**2 + 5*j - 5. What is the remainder when 19 is divided by r(5)?
4
Let h = 19 - 10. Let w = -4 + h. What is the remainder when 9 is divided by w?
4
Let n(v) = v**3 - 11*v**2 - 8*v - 6. Let j be n(12). Calculate the remainder when 43 is divided by 2/(-7) - (-978)/j.
20
Let h(w) = -4*w**2 - 31*w - 12. Calculate 